 - 58, 8 = -2*h. Calculate the remainder when 114 is divided by n.
18
Suppose -4*q = 2*o - 598, 5*q - o = -1945 + 2675. What is the remainder when 586 is divided by q?
145
Calculate the remainder when (-10)/((-26175)/3735 - -7) is divided by 411.
12
Let r = -1645 + 2229. What is the remainder when r is divided by 13?
12
Let d be 0 + (-6)/15 + (-2682)/(-5). Suppose 95*j - d = 99*j. Calculate the remainder when 48 is divided by j/(-10) - (-2)/(-5).
9
Let l(z) = 6*z**2 + 354*z + 20. Let b(x) = x**2 - x. Let t be b(-1). Calculate the remainder when (t - 3 - 2) + 59 is divided by l(-59).
16
Let b(t) = 25*t - 973. What is the remainder when 410 is divided by b(47)?
6
Suppose 0 = -8*a - 165 + 829. Let c = 96 - a. Suppose -2*w - 5*i + 77 = -8, -4*i = 4*w - 176. Calculate the remainder when w is divided by c.
6
Suppose -4*f = 14*f - 3870. Let p = f - 204. What is the remainder when 294 is divided by p?
8
Let t = -33 + 51. Let p = 57 + -51. Suppose 0 = -10*f - p*f + 160. Calculate the remainder when t is divided by f.
8
Calculate the remainder when (-99)/11*1790/(-30) is divided by 117.
69
Suppose -7*y = -4*w - 9*y + 64, -2 = y. What is the remainder when 22 is divided by w?
5
Suppose -4*j - l = -485, -3*j - 2*l - 3*l = -385. Calculate the remainder when 17 is divided by (-464)/(-120) - 4/j*-4.
1
Let i(k) = -3*k - 25. Let a be i(-14). Suppose a*w = 15*w + 348. What is the remainder when w is divided by 59?
56
Suppose 15 - 107 = -2*g + 4*i, 2*g + 3*i = 155. Calculate the remainder when 93 is divided by g.
29
Suppose -2*r - 125631 = -11*r - 2*r. What is the remainder when r is divided by 16?
13
Suppose 5*b - 4*w + 228 - 494 = 0, 2*b - 113 = -5*w. What is the remainder when 485 is divided by b?
53
Suppose -3*x + 4*m = 20, 4*x = 8*x + m + 52. Calculate the remainder when 62 is divided by (x/9)/((-9)/54).
6
Let z = -262 + 206. Calculate the remainder when 159 is divided by (512/z)/((-8)/28).
31
Suppose 0 = 56*g + 183 - 519. Suppose 0 = c - 2*c + 4. Calculate the remainder when g is divided by c.
2
Let v(b) = 62 - 23 + 2*b + 52 + 10. What is the remainder when v(-17) is divided by 14?
11
Let s(o) = o**3 + 2*o**2 - 6*o - 1. Suppose m = 0, -2*t - 6*m + 76 = -5*m. What is the remainder when t is divided by s(-3)?
6
Let z = -1959 + 2017. What is the remainder when 566 is divided by z?
44
Calculate the remainder when 29590/22*(1 + 15/(-25)) is divided by 268.
2
Suppose 101*h = 103*h - 1748. Suppose -238 + h = 4*k. What is the remainder when k is divided by (16/5)/((-6)/(-75))?
39
Suppose 2*b = -5*n + 4*b + 53, -4*n - 2*b = -46. Suppose -n*q = -q - 1320. Suppose 0 = 5*u - 97 + 2. Calculate the remainder when q is divided by u.
18
Suppose 5*z - 2*a = -8, -4*z + 5*a - 20 = -0*z. Suppose -c + 5*p - 2 = 0, z*c - 2*p - 46 = -4*c. What is the remainder when 34 is divided by c?
8
Suppose -6*m + 5*q + 20 = -m, 0 = 4*m - 2*q - 6. Let p = m + 79. What is the remainder when p is divided by (4/6)/(42/1260) + 7?
24
Let t be (2 - 2 - 0)*3/3. Suppose 5*j + k = -137, 4*k = -3*j - t*k - 72. Let c = -11 - j. What is the remainder when 59 is divided by c?
8
Suppose -3*g = -3*b - 8*g + 142, 3*g - 150 = -3*b. Let z = 394883 - 394794. What is the remainder when z is divided by b?
35
Let d = 170 - -570. Suppose -4*m + 0*m + d = 0. Suppose 0 = -5*r + 5*o + m, -6 = -3*o + 3. What is the remainder when r is divided by 14?
12
Suppose 163*n = 283*n - 287400. Calculate the remainder when n is divided by 65.
55
Calculate the remainder when (212/10*4)/((-7)/((-35)/2)) is divided by 27.
23
Let h be (-17)/4 - 2/(-8). Suppose -16581 = 115*j - 27506. What is the remainder when j is divided by h/(((-5)/6)/5)?
23
Let c(o) = 43*o**2 - 216*o - 14. What is the remainder when 1184 is divided by c(6)?
232
Let f(m) = 6*m**2 + 6*m - 19. Let h be f(-7). Suppose 6*r = -161 + h. What is the remainder when 142 is divided by r?
10
Calculate the remainder when 1168 is divided by -24 - -26 - ((-162)/9)/(2 + 0).
2
Suppose 50*j + 68 = 5*z + 47*j, 2*j = -2. Suppose 0 = 4*y + y - 70. Calculate the remainder when y is divided by z.
1
Let s = -52 + -27. Suppose 2*p + 3*w - 156 = 24, -4*p = 3*w - 354. Let r = p + s. What is the remainder when r is divided by 6?
2
Suppose 0 = -23*b + 3 + 66. Let u(g) = g**3 + 13. What is the remainder when u(b) is divided by 20?
0
Suppose -142*f = -17*f - 33750. What is the remainder when 4041 is divided by f?
261
Let i(w) = 2*w**3 - 22*w**2 - 23*w - 9. Let z be i(12). Suppose -549 = -z*k - 4*f, 0 = 6*k - 3*k + 2*f - 543. What is the remainder when k is divided by 36?
35
Let a = 34232 + -33753. What is the remainder when a is divided by 472?
7
Suppose 4545 = -8*f + 4561. Suppose 3*v - 7 = -l, -5*v = 4*l - 66 + 24. What is the remainder when l is divided by f?
1
Suppose 999 = 2*r - h, 131 = -r - 5*h + 658. Let z = 519 - r. Calculate the remainder when 67 is divided by z.
16
Let i = 86 - 177. Let d = -355 + 250. Let m = i - d. What is the remainder when 38 is divided by m?
10
Let a(q) = 3*q + q + 33 - 18. Let v(g) = -g**3 + 37*g - 1. Let x be v(6). Calculate the remainder when a(x) is divided by 18.
17
Let z = -165 + 165. Suppose z = -290*y + 285*y + 105. Let k(w) = 10*w**2 + 1. Calculate the remainder when y is divided by k(1).
10
Let o be ((-3)/(-2))/(-7 - (-219)/30). Suppose -o*c - 3321 = m, 0*m - m = -3*c - 1991. What is the remainder when 40 is divided by 64/(-480) - c/30?
18
Let x(t) = -750*t**3 - t**2 + t + 13. Let m be x(-3). Calculate the remainder when m/35 - (-8)/20 is divided by 58.
57
Suppose -2*z = -3*r + 44, -4*r + 3*z + 56 = -z. Let i be -2 + (-32)/(-24) - 267/(-9). Let y = i - -18. Calculate the remainder when y is divided by r.
15
Suppose -2*p - 2*u + 94 + 244 = 0, -2*u = 4*p - 680. What is the remainder when p is divided by 22?
17
Let q be (177*4/(-18))/((-4)/6). Suppose 4*b - 189 = q. What is the remainder when 63 is divided by b?
1
Let t = 4459 - 4451. What is the remainder when 180 is divided by t?
4
Let p(k) = k**3 + 14*k**2 + 24*k + 6. Let h = 68 + -80. Let u be p(h). Let s(q) = 8*q + 10. What is the remainder when s(u) is divided by 20?
18
Suppose 0 = 66*s - 64*s + 4*z - 76, -103 = -3*s + 5*z. Calculate the remainder when 2806 is divided by s.
34
Let o(k) = -5*k**2 - 24 - 12 + 4*k**2 - 13*k + 10. Let f be o(-12). Calculate the remainder when 1*18/4*(-12 - f) is divided by 3.
0
Let g = -8819 - -14337. Calculate the remainder when g is divided by 80.
78
Suppose -153*c + 3389 - 1476 + 2983 = 0. Suppose 5*g - 3*l = 36 - 3, -5*l - 11 = -g. Suppose -g*b + 72 = -2*b. Calculate the remainder when c is divided by b.
14
Let h(v) = 5*v - 1. Let x(s) = s**2 - 14*s + 47. Let f be x(9). What is the remainder when 88 is divided by h(f)?
7
Let f(s) = 1. Let l(t) = 20*t**2 + t - 11. Let u(n) = 2*f(n) + l(n). Let b be u(4). Suppose 31 = -4*i + b. What is the remainder when i is divided by 24?
23
Let m = -1656 + 1676. Suppose -3*q + 116 = q. What is the remainder when 30/m*(0 + 114/3) is divided by q?
28
Let z(c) = -24*c + 176. What is the remainder when z(-3) is divided by 80?
8
Let p(i) = 8*i**2 - 27*i + 37. Suppose -59 = -q + 3*g, 367 = 12*q - 7*q + 3*g. What is the remainder when p(11) is divided by q?
69
Suppose s - 75 = -18. Suppose -26*f = -2746 - 10. Calculate the remainder when f is divided by s.
49
Let j be (-1 - 0)/6*-6. Let r = j + -1. Suppose -5*c + 5*a - 2*a + 277 = r, 2*c - a = 110. What is the remainder when c is divided by 11?
9
Suppose 37*y + 66*y - 9348 = 65*y. Calculate the remainder when y is divided by 67.
45
Let h = -71 - -50. Let p = h + 36. Suppose 5*n = -n + 144. Calculate the remainder when n is divided by p.
9
Suppose -2*w + 4*w - 56 = 0. Suppose 5*a = -544*p + 540*p + 60, 0 = 5*a + 2*p - 70. Calculate the remainder when w is divided by a.
12
Let l(b) = 7*b**2 + 2*b + 1. Let h(y) = 2*y**2 + 22*y - 168. Let x be h(6). Calculate the remainder when l(-2) is divided by ((-45)/(-27))/(4/x).
10
Let x(n) = 41*n - 4. Let y be x(-5). Let g = y - -224. What is the remainder when 89 is divided by g?
14
Let g(l) = -100*l + 1. Let f be g(-2). Suppose 5*q - 656 = -f. Let b = -525 - -541. Calculate the remainder when q is divided by b.
11
Suppose -5400 = 85*p + 127*p - 272*p. What is the remainder when 3969 is divided by p?
9
Suppose 40*o - 106*o + 58779 = -45*o. What